t y(o) = -o**2 - 2. Let d(r) = h(r) - 4*y(r). Give d(0).
-39
Let i(b) = -6. Let n(o) = -o - 17. Let q(d) = -17*i(d) + 6*n(d). Let y = 1208 + -1206. What is q(y)?
-12
Let a(j) = -26*j - 10. Let p(d) = -6*d - 2. Let y(i) = 3*a(i) - 14*p(i). Calculate y(-5).
-32
Let x(k) be the second derivative of 5/6*k**3 + 1/60*k**5 + 0*k**2 - 6*k - 1/4*k**4 + 0. Let m(a) be the second derivative of x(a). Determine m(4).
2
Let w(j) = 2*j**3 + 5*j**2 + 3*j. Let r(u) = 3*u**2. Let t be r(-3). Suppose -4*f = -5*f + 3*d + 9, t = -5*f - 3*d. Calculate w(f).
-18
Let r(h) = 6*h**3 - h**2 - h. Let g(s) = -32*s**3 + 2*s**2 + 2*s - 2. Let i(n) = g(n) + 5*r(n). Give i(-3).
34
Let s(i) = 3*i - 24. Let l(k) = 21*k + 147. Let o be l(-7). Calculate s(o).
-24
Let c(t) be the first derivative of -t**2/2 + 9*t - 94. Suppose o - 2*g = -2*o, -3*o = -5*g. Give c(o).
9
Let i(y) = y**3 + 4*y**2 - 5*y + 7. Let o(p) = -2*p**3 - 3*p**2 + 5*p - 7. Let u(l) = l - 18. Let m be u(16). Let t(r) = m*o(r) - 3*i(r). What is t(5)?
-7
Let x = -84 - -75. Let r be ((-2)/(-3))/(x/54). Let h(j) = -j**2 - 7*j - 5. Give h(r).
7
Let z(u) = u - 26. Let a be 17 + (2/2)/((-21)/84). Calculate z(a).
-13
Let v(a) = 3 + 2 - 13 - 3*a + 1 + 8. Give v(-7).
22
Let h be (-8)/(-16)*(-5 - -9). Let b(d) = 4 + 2*d**3 - 1 - 2. Determine b(h).
17
Let n = -22 + 16. Let y(g) be the second derivative of -5*g**3/6 - 3*g**2 + 2*g - 2. Calculate y(n).
24
Let g(b) = -6*b**3 - 5*b**2 + b - 2. Let p(v) = -19*v**3 - 17*v**2 + 3*v - 7. Let l(x) = -7*g(x) + 2*p(x). Give l(1).
4
Let y(h) = -2*h**2 + 2*h - 3. Suppose v + 6 = 8. What is y(v)?
-7
Let m(r) = -11*r + 11*r + 4*r + 2*r - r. Determine m(5).
25
Let g(k) be the second derivative of -k**5/20 + 5*k**4/6 - 4*k**3/3 - 9*k**2/2 - 2*k. Suppose -6*p + 58 = 4. Give g(p).
0
Let g(a) = -5*a + 8. Let s(i) = -2*i + 3. Let m(t) = -3*g(t) + 8*s(t). Let p = -3511 + 3509. Give m(p).
2
Let z(j) = -j**3 - 9*j**2 + 7*j + 9. Let c(r) = -r**3. Let n(s) = -2*c(s) + z(s). Let l be (-8)/12*(1 + 2). Let b = 10 + l. What is n(b)?
1
Suppose 2 = 2*k + 4*h, 3*k - h = k + 12. Let v(b) = 237*b - 481*b + 5 + 248*b - b**2. What is v(k)?
0
Let d(o) be the second derivative of -o**5/20 - o**4/3 - o**3/6 + 3*o**2/2 - 4*o. Suppose 15*r - 17*r - 6 = 0. What is d(r)?
-3
Let h(m) = -m**3 - 6*m**2 - 3*m - 6. Suppose -4*l - 26 = 5*w, -4*w - 4*l - 6 = 14. Determine h(w).
12
Let x(k) = 3. Let d(a) = -1. Let y(c) = 7*d(c) + 2*x(c). Let b(m) = -6*m + 11. Let r(g) = -b(g) - 6*y(g). Give r(4).
19
Let s(u) = 4*u + 6. Let d = 276 + -279. Give s(d).
-6
Suppose 3 + 29 = 16*n. Let h(q) = q**3 + q**2 + q - 1. Give h(n).
13
Let j be 22/(-5) + (-12)/(-30). Let p be j/6 - 23/(-3). Let n(l) = -l**3 + 6*l**2 + 9*l - 2. Calculate n(p).
12
Suppose 23 = 32*c - 41. Let k(n) = n**3 - 3*n**2 - 2. Give k(c).
-6
Let h(d) = d - 1. Suppose 0*j + 9*j - 63 = 0. Determine h(j).
6
Let c(r) = r**3 + 12*r**2 - 11*r + 7. Let n = -1030 + 1017. Calculate c(n).
-19
Let c(r) be the third derivative of -7/60*r**5 - 5/24*r**4 + 1/2*r**3 + 0 + 0*r + 30*r**2 - 1/120*r**6. Calculate c(-6).
-3
Let w(f) = -47*f**3 + 97*f**3 + f**2 - 49*f**3 - 2 + 2*f**2. Determine w(-5).
-52
Let j(o) be the second derivative of -o**5/2 - o**4/6 - o**3/6 + 8*o + 3. Suppose 4*m + 2 = -2. Determine j(m).
9
Let w(b) = 6*b - 9. Let o(m) = m - 1. Let s(r) = 14*o(r) - 2*w(r). Suppose 9 = 5*j - 6. Suppose 0 = 2*f + j*i - i + 6, 8 = 4*i. Calculate s(f).
-6
Let t(m) = m - 1. Let r = -82 - -80. Let a(i) = -i**2 - 1. Let h(z) = r*t(z) + a(z). Give h(-3).
-2
Let d(p) be the second derivative of p**4/12 - 3*p**3/2 - 2*p**2 + 4*p. Let m be ((-16)/12*6)/(1 + -2). What is d(m)?
-12
Suppose 0 = 5*f + 23*f. Let c(q) = q**3 - q**2 + 2*q + 9. Determine c(f).
9
Let g = -2503 - -2508. Let n(y) be the third derivative of 0 - 1/8*y**4 + 0*y + y**2 - 1/60*y**g + 1/3*y**3. What is n(-4)?
-2
Let f(h) = -h**2 + h**3 - 5 + 9*h**2 - 3*h**2. Let x be (68/5)/2*-5. Let i be (-6)/42 - x/(-7). What is f(i)?
-5
Let p(v) = -14*v**3 + 2*v**2 + 1. Let c(y) = -27*y**3 + 4*y**2 + 3. Let r(l) = 2*c(l) - 5*p(l). Let s be (8 + 90/(-10))/1. Give r(s).
-17
Let q be (1 + 1)*(5 - 3). Suppose 3*f - 6 = q*j, -6*f - 5*j = -3*f - 33. Let t(v) = -2 + f*v + 4*v - 12*v. Determine t(-2).
2
Let w(f) be the third derivative of -f**9/60480 + f**8/2880 - f**7/1680 - f**6/144 - 19*f**5/60 + 2*f**2. Let a(g) be the third derivative of w(g). Give a(6).
13
Suppose 0 = 2*n + 5*o - 6, 2*n + 3*n - 15 = -2*o. Let h(q) = -2*q - 3. Let g(r) = -6*r - 9. Let u(s) = 6*g(s) - 17*h(s). Give u(n).
-9
Let b(n) be the first derivative of -2*n**3/3 + 2*n**2 - 16*n + 18. Let c(u) be the first derivative of b(u). Calculate c(3).
-8
Let p(q) = q**2. Let c(j) = j**2 + 1. Let u(f) = -c(f) + 6*p(f). Suppose 2*r = m - 4, 5*m = 77*r - 73*r + 14. Determine u(r).
4
Let g be (-22)/8 + 11/(-44) - -2. Let o(r) = -3*r + 1. What is o(g)?
4
Let q(v) = -2*v**3 - 45*v**2 - 22*v + 4. Let a be q(-22). Let i(m) = m - 1. Give i(a).
3
Let d(v) = -v + 4. Let a be (-11 - -12)*(-1 - -9). Let r be d(a). Let u(q) = q**2 + 2*q - 4. Give u(r).
4
Let y = 9 - 13. Let r(k) be the second derivative of k**3/3 + k**2 + 92*k. Determine r(y).
-6
Let o(h) be the second derivative of -2*h**2 + 1/12*h**4 + 0 + 10*h - 1/2*h**3. What is o(5)?
6
Suppose 2*i - 14 = 2*f - 6*f, 4*f + 3*i - 19 = 0. Let s(k) = -5 - f - 2*k - k + k. Let o(r) = -r - 18. Let d be o(-13). Calculate s(d).
4
Let d be ((-2)/(-6))/((-10)/(-150)). Suppose -d*x = -2*x - 2*x. Let m(z) = -z**2 + z - 12. Calculate m(x).
-12
Let g = 3 - 10. Let r(s) be the second derivative of -s**4/12 - 3*s**3/2 - 7*s**2/2 + s + 1. Give r(g).
7
Suppose g - 4*g + 3 = 0, -g + 2 = s. Let j(h) be the third derivative of -5*h**4/24 + h**3/6 + 12*h**2. Give j(s).
-4
Suppose 3*a - 219 + 216 = 0. Let v(t) be the second derivative of t**3 - t. Calculate v(a).
6
Let g(b) = -b**3 + 4*b**2 - 2*b. Let a(m) = -3*m - 1. Let f be a(-1). Suppose -f - 7 = -3*v. Suppose 0 = 2*x + j - 6 + 1, -v*j = -3*x + 21. What is g(x)?
-8
Let c(x) = x + 11. Let s(d) = 2*d - 56. Let v be s(25). What is c(v)?
5
Let p be 33/11 + -1*1. Let f(k) = -k**3 + 7*k + 3 + 1 - 2*k + 1 - 4*k**p. Calculate f(-5).
5
Suppose -263*q + 260*q + 18 = 0. Let l(b) be the third derivative of -b**3 + q*b**2 + 0 - 1/24*b**4 + 0*b. Determine l(-5).
-1
Let x(n) be the second derivative of -n**3 + 0 - n**2 - 1/20*n**5 + 29*n + 1/2*n**4. Determine x(5).
-7
Let p(c) = c + 7. Let s = 7 - -12. Let g = 13 - s. Give p(g).
1
Let k(w) = -w**2 + 6*w + 6. Let v be k(6). Let t(d) = d**2 - d. Let r(o) = 5*o**2 + 6. Let q(u) = r(u) - 6*t(u). Determine q(v).
6
Let f(t) = -t + 4 - 2 + 0*t. Suppose -x - 3*x = -24. Suppose -8*w + 10 = -x*w. Give f(w).
-3
Let g(a) = a + 22 - 2 + 0*a - 8 - 9. Let u = 5 + -5. Suppose -2*m - 9 + 1 = u. Determine g(m).
-1
Let f(v) = v**2 - v - 3. Let w be (-14)/2*(-2)/(-1). Let i = w + 16. Suppose -5*u = l - 15 + i, -4*u - l + 10 = 0. Give f(u).
3
Let x(r) = 3*r - 19. Let w be x(6). Let z be 5/(-20)*(-7 + w). Let v(t) = t**2 + t + 2. What is v(z)?
8
Let r(y) = -2*y**2 - 8*y + 2. Let h(g) = -4*g + 171. Let j be h(44). Give r(j).
-8
Let c(q) = -q + 1. Let i be (-64)/(-3)*(-63)/(-42). Suppose -2*a - i - 4 = 0. Let t = -17 - a. What is c(t)?
0
Let z(x) = 4*x**2 - 7*x**2 - 9 - 4*x**2 + 0*x**3 + x**3 + 8*x. Let d be 3*((-1)/1 + 4). Let o = d + -3. Give z(o).
3
Let g = 89 + -66. Suppose 5*c = -g - 7. Let d(y) be the first derivative of 3*y**2/2 + 8*y - 1. Calculate d(c).
-10
Let f = 69 + -69. Let j(v) = f - 8 + v + 8. Determine j(2).
2
Suppose -2*f = -3*f + 4*c + 14, 2*c = -3*f + 14. Let o be 225/5*f/9. Suppose o - 10 = 5*i. Let y(b) = b**3 - 4*b**2 - 2*b - 2. Determine y(i).
-10
Let h(x) = -x**2 + 5*x - 10. Suppose 0 = -2*g + 5*n + 14, 3*g - 2*n + 6*n = 21. Determine h(g).
-24
Let w(d) = -4*d + 2. Let b(z) = -5*z + 2. Let u(j) = -3*b(j) + 4*w(j). Suppose -2*p + 37 = -133. Let i = 80 - p. Determine u(i).
7
Suppose -20 = -4*s, 5*n + 5*s - 3*s = 30. Let m(v) = 0*v - n*v - 5*v. What is m(-3)?
27
Let y(b) be the third derivative of b**6/120 + 7*b**5/60 - b**4/24 + b**3/6 - 9*b**2. Let m be y(-7). Let o(w) = w - 7. What is o(m)?
1
Suppose -4*x + 23 + 45 = 0. Suppose 0 = 13*y - 108 + x. Let p(m) = -m + 6. What is p(y)?
-1
Let u be (-1)/(-3) - (-32)/12. Let h(i) = 13*i + u + 9*i + 14*i - 34*i. Determine h(-3